g) = 7*g**3 + 5*g**2 - 10. Let z(m) = m**3 - m**2 - 1. Let f(u) = o(u) - 6*z(u). What is f(-11)?
-4
Let k(q) be the third derivative of -4*q**2 + 1/24*q**6 - 1/60*q**5 + 1/6*q**3 + 0 + 0*q + 0*q**4. Determine k(-1).
-5
Let l(u) be the third derivative of 32*u**2 + 0 + 0*u**3 - 1/120*u**6 + 0*u - 1/12*u**4 - 1/12*u**5. Give l(-3).
-12
Let y(q) = -33*q**2 - 11*q - 11. Let f(m) = -17*m**2 - 6*m - 6. Let j(d) = -11*f(d) + 6*y(d). Calculate j(1).
-11
Let q(s) be the third derivative of s**6/120 - 3*s**5/20 + s**4/12 - 4*s**3/3 + 7*s**2. Suppose 0 = -2*r + 15*c - 13*c + 16, 0 = -4*r - 4*c + 40. What is q(r)?
10
Let f(r) = -r. Let s(l) = 4. Let q(j) = -f(j) + s(j). Let z(w) = -w**3 + 18*w**2 - 2*w + 31. Let o be z(18). Give q(o).
-1
Let f be (-1)/(-5) - (-36)/45. Let b(k) = 5*k - 5. Let c(w) = -15*w + 11. Let i(y) = 13*b(y) + 6*c(y). Calculate i(f).
-24
Let h(i) be the third derivative of i**6/720 + i**5/120 - 19*i**4/12 + 36*i**2. Let c(f) be the second derivative of h(f). Give c(5).
6
Let i(h) = -41*h**2 - 9*h + 13. Let c be (0 - (0 + -1))*(-70)/(-35). Let y(x) = 3*x - 5 + 2 - x + 10*x**2. Let b(t) = c*i(t) + 9*y(t). What is b(1)?
7
Suppose -o = 1 + 6. Let d(u) = -1865 - 62*u + 1855 + 52*u - u**2. Determine d(o).
11
Let g(z) = z**2 - 11*z - 25. Let v be g(13). Let n be 0 + (-2)/v*15/10. Let c(j) = -j**2 - 3*j + 1. What is c(n)?
1
Let h(x) = -4*x - 3*x - x**3 + 2*x - 3 + x**2 + x. Let z(i) = -i**2 + 63*i - 238. Let m be z(59). Give h(m).
17
Let a(z) = z**2 - 3*z - 12. Let o(t) = -7*t - 37. Let h be o(-6). Let u be a(h). Let f(d) = 2*d**2 + 0*d**2 + 2 + d**3 + 0. Calculate f(u).
2
Suppose 4*h - 3*f - 5 = 0, 0 = -2*h - 0*f - 3*f + 7. Let z(i) = 3*i - 18. Let o be z(6). Let p(u) = o*u - u + 2*u + u. What is p(h)?
4
Suppose 10*i - 233 = 287. Let a be (2/(-6))/(1/(-3)). Let j(g) = 7 + a + g**3 + 53*g**2 - i*g**2. What is j(0)?
8
Suppose 5*z = 2*u - 34 - 6, 0 = -4*z + 2*u - 30. Let p(b) = -b - 4. Determine p(z).
6
Suppose -7*u = -3*u - 8. Let a(o) = 0 - o**3 + o**2 + 2 - 5*o**u. Determine a(-4).
2
Let s(g) = -g**2 - 11*g + 7. Let y(k) = -3*k + 123. Let d be y(44). What is s(d)?
25
Let v(i) = i**2 + 5*i - 1. Suppose -c = -3*c - 6. Let a be 5*((-16)/(-10) + c). Calculate v(a).
13
Let r be ((-3)/3 - 1) + 18. Let t(m) = -20 - m + 35 - r. Give t(0).
-1
Suppose 24*z = -3*u + 19*z + 23, -2*u + 4*z - 14 = 0. Let a(j) = 12*j**2 - 1. Calculate a(u).
11
Let t(i) = i**3 - 19*i**2 + 19*i - 23. Suppose 3*r - 3*j = -351 + 417, -2*r - 3*j = -24. What is t(r)?
-5
Let x = 899 - 891. Let j(r) = -r**3 + 7*r**2 + 8*r - 4. What is j(x)?
-4
Let j(m) = m**2 - 2*m - 4. Let r(u) = -2*u**2 + 4*u + 8. Let x(k) = 5*j(k) + 3*r(k). Determine x(3).
1
Let g(v) = -9*v**2 + 19*v**2 + 3*v**3 - 1 + 7*v - 5*v**3. Let q(d) = -d**3 + 5*d**2 + 3*d - 1. Let z(m) = 3*g(m) - 7*q(m). Determine z(5).
4
Let j = 34 - 28. Let m = 8 - j. Let f(z) = -1 - 2*z**m - z**2 + 0*z**2. What is f(-1)?
-4
Suppose -5*g - 4*u = 125, 2*u - u - 75 = 3*g. Let l = -22 - g. Let r(a) = a**3 - 4*a + l*a - 1 - a**2 + 1. Calculate r(-1).
-1
Let f = -20 - -23. Let j(v) = -v + 41 + v**2 - 40 + 0*v - 3*v. Calculate j(f).
-2
Let v(z) = z**3 + 5*z**2 + 2*z - 1. Let l be v(-5). Let f(j) = -4*j + 6. Let w(x) = 2*x - 3. Let q(s) = l*w(s) - 6*f(s). Calculate q(3).
3
Suppose 2*d - 2*x - 1 = -3*x, 0 = -4*d - 5*x - 13. Let q(k) = -k**2 + k - 2. Let y(v) = -3*v**2 + 2*v - 5. Let t(b) = 4*q(b) - y(b). What is t(d)?
-6
Let p(h) = -h**2 - h. Let n(k) = -9*k**3 - 4*k**2 + 13. Let s(m) = -n(m) + p(m). Let w(q) = 4*q**3 + 2*q**2 - 6. Let u(g) = 3*s(g) - 7*w(g). What is u(-5)?
18
Suppose -2*z = 2*n - 8, -n + 3*z - 12 = -0*z. Suppose n = -3*u + u - 10. Let i(t) = -2*t + 1 + 1 - t**2 - 2*t. Give i(u).
-3
Let j(w) = -w**3 + w**2 - w - 17. Let c(n) = -4*n**3 - 2*n**2 - 6*n - 83. Let p(k) = c(k) - 5*j(k). Let b be (-1 + 1)/2 + 7. Give p(b).
-5
Let j be (-1)/1*(-2 + 9). Let w(n) = n + 25. Let v(t) = -9. Let q(m) = -5*v(m) - 2*w(m). Determine q(j).
9
Let p(c) be the second derivative of c**7/840 + c**6/60 + 7*c**5/120 + 5*c**4/24 + 5*c**3/2 + 14*c. Let y(u) be the second derivative of p(u). What is y(-5)?
-5
Let n(p) = p**2 + 2*p - 3. Suppose 10*i = 5*i - 5*m - 25, 3*i - 5*m - 1 = 0. Calculate n(i).
0
Suppose -2*t + 22 = -5*z, 0*z - 4 = z. Let h be 2/(-10) - 231/(-55). Let m(v) = h + 0*v - 5 - 6*v. Calculate m(t).
-7
Let z(j) = -4*j**2 + 34*j + 5. Let i(l) = -l**2 + 11*l + 2. Let b(w) = 14*i(w) - 4*z(w). Let p be b(-8). Let x(r) = r**2 + 8*r. Determine x(p).
0
Let z(f) = 24*f**2 + 63 + f**3 - 18*f**2 - 4*f - 61. Suppose 3*r + 0 + 6 = b, -40 = 4*b + 4*r. What is z(b)?
26
Let p(q) = q. Let a(v) = 6*v**2 - 94*v - 37. Let g be a(16). What is p(g)?
-5
Let o(d) = -3*d + 19. Let q be o(9). Suppose 12*t - 11*t = 9. Let h(c) = -2 + 5*c + 4*c - c**3 + 1 - 16*c - t*c**2. Determine h(q).
-9
Let w(a) = -a**3 - 6*a**2 - 4*a. Let t(n) = n**2 + 5*n + 4. Let r be t(-5). Let s be (-6)/r*1748/69. Let y = -43 - s. Calculate w(y).
-5
Suppose -5*r - 6 = -3*v - 33, 2*r - 16 = -4*v. Let f(q) = 7*q - 4. Let i(y) = -y + 1. Let k(x) = r*i(x) + f(x). Determine k(-4).
-2
Let q(v) be the second derivative of -v**5/20 - v**4/4 - v**3/2 - v**2/2 - 16*v. Let m be (22/33)/((-2)/9). Determine q(m).
8
Let c = -269 - -271. Let l(o) = 2*o**3 - 2*o**3 + 3*o**2 - 3*o**3. Give l(c).
-12
Suppose -6*s - 4*s + 10 = 0. Let m(j) = -j + 1. Let z(x) = 3*x + 2. Let q(h) = s*z(h) + 2*m(h). Calculate q(6).
10
Let z(b) be the third derivative of b**8/6720 - b**7/360 - b**6/90 + b**5/15 + b**4/24 + 4*b**2. Let k(n) be the second derivative of z(n). Determine k(8).
8
Let d(i) = -i**3 + 8*i**2 + 7. Let n = -891 - -899. Determine d(n).
7
Let g = 2 - 12. Let w = g + 10. Let m(n) = -n**2 + n + 11. Calculate m(w).
11
Let t(f) be the first derivative of -f**4/4 + 4*f**3/3 - 2*f**2 + 4*f + 3. Let m be 301/105 + 2/15. Give t(m).
1
Suppose -5*c - 6 = 3*l - 0, -2*l - 5*c - 9 = 0. Let i be 7/l - (-4)/6. Let v(p) = 7*p + p**i + 4 - 6*p + 6*p**2 + 6*p - 6. Calculate v(-5).
-12
Let i(q) = -q + 13. Let w = -76 + 84. Give i(w).
5
Let p(v) be the first derivative of -6 + 3*v + 1/2*v**2 + 1/4*v**4 + 4/3*v**3. Determine p(-3).
9
Let w = -7 - -9. Let h(t) be the second derivative of -11*t**3/6 + t**2/2 - 2*t + 40. Determine h(w).
-21
Let v(p) = p**3 - p**2 - p - 2. Let i(z) = -7*z**3 + 7*z**2 + 8*z + 12. Let c(b) = i(b) + 5*v(b). Give c(-2).
20
Let b(x) be the first derivative of -x**4/2 + 11*x**3/3 + 5*x**2/2 + 6*x + 20. Determine b(6).
0
Suppose -2*i + 26 - 10 = 0. Let z = -7 + i. Let m(x) be the second derivative of -x**3/6 - x**2/2 - x. What is m(z)?
-2
Let k(y) = 10*y. Suppose 5*a = -4*u + 13, 8*u = 3*u - 5*a + 15. Give k(u).
20
Let r(q) = 4*q**2 - 1. Let m be r(-1). Let n be 4*(7 - m)/8. Let v(f) = -2 + 0*f + f - 6*f. Give v(n).
-12
Let j(n) = n**3 + 11*n**2 + 10*n + 3. Let b = -933 + 923. Calculate j(b).
3
Let l(s) = 8*s - 26. Let g = -1573 - -1576. Give l(g).
-2
Suppose 33*k + 1183 = 985. Let r(l) be the second derivative of l**5/20 + 5*l**4/12 - 5*l**3/6 - 5*l**2/2 + l. Determine r(k).
-11
Suppose 5 = -2*n + 2*g - 5*g, 2*n - 5*g - 19 = 0. Suppose -3*j + 21 = -n*j. Let q = 25 - j. Let b(r) = 2*r - 5. Give b(q).
3
Let h(g) be the first derivative of -g**5/20 - g**4/24 - 11*g**3/3 + 11. Let n(z) be the third derivative of h(z). Calculate n(3).
-19
Let j(k) = k + 2. Let b be j(-4). Let n be -1 - -2*(-7)/b. Let q(u) = 3*u**2 - 15*u**2 + 4*u**2 - 6*u + 9*u**2 + n. Calculate q(5).
1
Suppose 3*a - 36 = 42*y - 41*y, -5*a + 3*y = -60. Let i(d) = -d**3 + 12*d**2 + d - 5. Determine i(a).
7
Let o(j) be the third derivative of -j**5/60 + 5*j**4/24 - 5*j**3/6 - 146*j**2. What is o(5)?
-5
Let v = -676 + 669. Let d(x) = -x - 4. What is d(v)?
3
Let g(f) be the third derivative of f**6/120 - f**5/6 + f**4/24 + 3*f**3/2 - 202*f**2. Give g(10).
19
Let h(z) be the first derivative of -z**5/20 - 7*z**4/12 - 5*z**3/6 - 20*z - 22. Let a(q) be the first derivative of h(q). Calculate a(-6).
-6
Let p(y) = 23*y**3 - 4*y + 5. Let h(w) = 24*w**3 - 5*w + 6. Let o(f) = -4*h(f) + 5*p(f). Determine o(1).
20
Let i(c) = 3*c**3 + 4*c. Let l(m) = -7*m**3 - 9*m. Let t(o) = o - 4. Let d be t(0). Let q(k) = d*l(k) - 9*i(k). Calculate q(1).
1
Let a = -208 - -209. Let v(m) = -8*m**2 - m. Calculate v(a).
-9
Let i(a) be the second derivative of -a**3/6 + 9